= -g + 10. What are the prime factors of 11 + g - (-6)/2?
2, 3
Let f = 35 + -49. Let m = -1 - f. Let w = m + -8. List the prime factors of w.
5
Let y = -36 - -97. Let b = y + 32. Suppose -b = -4*i - 3*p + 32, -3*i = -4*p - 75. What are the prime factors of i?
29
Let p(o) = -2*o**3 + 3*o**2 + 3*o + 3. Let u = -23 + 27. Suppose 4*j = 3*s + 14, u*s - j + 10 = -0*j. What are the prime factors of p(s)?
5
Let z(b) = -9*b - 247. Let h be z(-28). Let m(d) = -d**2 + 4*d - 5. Let f be m(5). List the prime factors of (-426)/f - (-2)/h.
43
Suppose 3156 = 9*k - 9876. List the prime factors of k.
2, 181
Suppose 5*m + m = -1104. Let j = 290 + m. What are the prime factors of j?
2, 53
Let h(w) = -14*w - 37. Let y be h(-3). Suppose -3*p + 26 + 34 = 0. Suppose y*l - 51 = -z, 0 = -5*l + p. List the prime factors of z.
31
Suppose 2*i = 3 - 1. Let y be i/(-4) - (-13)/4. Suppose r = -0*r - 3*g + 11, -4*g - 7 = -y*r. What are the prime factors of r?
5
Suppose 5*z = -j + 870 + 2886, 4*z - 7482 = -2*j. What are the prime factors of j?
7, 13, 41
Suppose -o + 131 = 8. Let f = 7 + o. List the prime factors of f.
2, 5, 13
Let j(x) be the second derivative of x**4/12 - 11*x**3/6 + 9*x**2/2 - 9*x. Let l be j(11). What are the prime factors of (l/6)/(3/100)?
2, 5
Let r be 540/4 - (-3 - -1*6). Suppose p + i - 6*i - 78 = 0, -2*p - 2*i = -r. List the prime factors of p.
2, 17
Let v(m) = 2*m - 1. Let h be v(2). Let p(a) = a + h*a**2 - a**2 - 3*a**2 - 1 + 15*a**3 + 5*a**3. List the prime factors of p(1).
19
Let v = -22 + 22. Suppose v*z + k = 2*z - 201, -k = z - 99. List the prime factors of z.
2, 5
Suppose -4*y + 2378 + 1307 = p, 3*p = 4*y - 3681. List the prime factors of y.
3, 307
Suppose -23*r + 238 = -37*r. What are the prime factors of (-1 + -4 + 24/6)*r?
17
Let v be -2*(-1)/4 - (-989)/46. Let u = v - 9. List the prime factors of u.
13
Suppose -7*u = -24*u + 24089. What are the prime factors of u?
13, 109
Let f = 314 + -166. Suppose -f = -m - 3*r, -3*m - r + 134 + 310 = 0. What are the prime factors of m?
2, 37
Suppose 2 = 5*g - 4*k - 18, -5*g = 4*k + 20. Let b(l) = -18 + g*l - 2*l + 5*l. What are the prime factors of b(7)?
3
Let j(p) be the third derivative of p**4/6 + p**3/3 - 3*p**2. Let x be j(-4). List the prime factors of (-1 - (x + 1))*1.
2, 3
Suppose -5*k + 4 = -5*w + 49, -3*k = 5*w - 5. What are the prime factors of 35*(2 + (-4)/w)?
5, 7
Let k be 11/(33/45)*2/6. Suppose -k*b + 148 = y, 4*b = 2*y + 3*y - 769. What are the prime factors of y?
3, 17
Let g be (-133)/9 + (-30)/135. Let a = 66 + g. List the prime factors of a.
3, 17
Let o(a) = -a**3 - 6*a**2 - 8*a - 8. Let h be o(-4). Let w be 4/h - 27/(-6). Suppose m + 13 = 2*g, w*g - m = -4*m + 1. List the prime factors of g.
2
Suppose 4*b = 3*b - 25. Let q be (23/(-2))/((-6)/12). Let m = q - b. What are the prime factors of m?
2, 3
Let i(p) = 0 + 32*p**2 + 5*p - 21*p**2 + 4. List the prime factors of i(-3).
2, 11
Let u(j) = -j**2 + 15*j - 12. Let m be 2*5 + (-1 - -4). What are the prime factors of u(m)?
2, 7
Let f(d) be the second derivative of -d**4/12 + 2*d**3/3 + 7*d**2/2 - d. Let a be f(6). Let v = a + 11. What are the prime factors of v?
2, 3
Let i(j) = j**2 - 13*j + 3. Let t be i(8). Let p = t + 87. Suppose p + 6 = k. What are the prime factors of k?
2, 7
Let n(s) be the third derivative of -s**6/120 - s**5/10 - s**4/8 + 2*s**3/3 + s**2. List the prime factors of n(-6).
2, 11
Suppose -6*x = -5*c - 17920, 620 = x - 2*c - 2369. List the prime factors of x.
3, 5, 199
Let i(z) = -z**3 - 12*z**2 - 8*z - 13. Let b be ((-8)/(-5))/((-16)/120). List the prime factors of i(b).
83
Suppose 0 = -4*s + 9*s - 20. Let v be s + -3 + 975/3. What are the prime factors of (-2)/(-11) + v/22?
3, 5
Let x = 9624 + -5662. List the prime factors of x.
2, 7, 283
Let x = -9 - -12. Suppose -x*h = -58 - 23. Suppose -k + 3 = -h. What are the prime factors of k?
2, 3, 5
Let j be ((-1)/(-3))/((-5)/15). Let v = j - -29. Suppose -4*a + v = 2*i, 5*i - 2*a + 6*a - 40 = 0. What are the prime factors of i?
2
Let f(t) = -t**2 + 6*t - 1. Let c be f(6). Let z be (-6)/9*(c - 2). List the prime factors of 55*(z - 24/15).
2, 11
Let h(k) = -5*k**2 - 4*k + 3. Let c(d) = -d**2 - d. Let s(n) = -c(n) + h(n). Let t be s(4). Let l = -51 - t. What are the prime factors of l?
2, 11
Let r = 35 + 459. What are the prime factors of r?
2, 13, 19
Suppose 3*c = 6*c. Suppose -v - 4*v + 2*x + 120 = 0, c = v + 4*x - 46. Let t = v - 16. What are the prime factors of t?
2, 5
Let k = -21 - -43. Let a = k - 18. Suppose 2*j + 0*j - 54 = -2*c, a*j - c = 128. List the prime factors of j.
31
Let m(f) = 5*f**2 - f + 4. Let a = 35 + -26. Suppose -5*w + 3*n + 6 = 0, 4*w - 2*n - a = -w. What are the prime factors of m(w)?
2, 23
Let g(p) = -220*p + 4. Let d be g(-1). Suppose 35 = -b + d. What are the prime factors of b?
3, 7
Let z = -62 - -49. Let s(i) = -i**3 - 13*i**2 - 10*i + 12. What are the prime factors of s(z)?
2, 71
Suppose -1706 = -n - 164. What are the prime factors of n?
2, 3, 257
Let m(s) = -s + 29. Let f be m(38). Let n(t) be the third derivative of t**4/12 + 9*t**3/2 + t**2. What are the prime factors of n(f)?
3
Let l(b) = -b**2 - 13*b - 1. Let q be 4/(-8)*(-72)/(-3). What are the prime factors of l(q)?
11
Let w(b) be the third derivative of 13*b**6/120 + b**5/12 - b**4/12 - b**3/6 - 20*b**2. What are the prime factors of w(2)?
7, 17
Suppose -1104*r + 1097*r = -24395. What are the prime factors of r?
5, 17, 41
Let n be (-2)/2 + (9 - 4). List the prime factors of 640/n + (-1 - -4) + 1.
2, 41
Let r be ((-4)/((-32)/(-12)))/((-2)/(-48)). Let v = 80 + r. What are the prime factors of v?
2, 11
Let d(h) = 5*h**2 - 9*h + 13. Let n be d(6). Let o = n + -30. What are the prime factors of o?
109
What are the prime factors of 1*-1502*(2 - (-6 + 10))?
2, 751
Suppose x - 3120 = -4*x. Suppose -3*q = n - 152, 2*q - 6*q - x = -4*n. List the prime factors of n.
5, 31
Suppose 11*n - 6*n = 15. Suppose -n*r + 1 = -4*r. What are the prime factors of 154/7 - (-1)/r?
3, 7
Let j(w) = w**3 + 11*w**2 + 8*w - 6. Let x be j(-8). Let o = 180 - x. What are the prime factors of o + (0 + -2)/(-2)?
59
Let i = -17 + 24. Let q be 1*2/(-1) + i. Suppose -n - 36 = -q*n. List the prime factors of n.
3
Let r(v) = 278*v**2 - 6*v + 8. List the prime factors of r(-4).
2, 5, 7
Suppose -2*c - 26*q + 27*q + 194 = 0, -c - 4*q = -88. List the prime factors of c.
2, 3
Let i(x) = -x**3 + 11*x**2 + 14*x + 13. What are the prime factors of i(-8)?
1117
Let b = 43 + -43. Suppose -8*c + 360 = -b*c. What are the prime factors of c?
3, 5
Let s = -813 + 2125. What are the prime factors of s?
2, 41
Suppose -3*u - 5*b + 6*b + 151 = 0, -2*b = -10. List the prime factors of u.
2, 13
Suppose 3*o + 3*s = 27, 2*o + 4*s = 4*o + 6. Suppose 3*l = -o*a + a + 313, 4*a - 316 = -4*l. Suppose 39 + a = 5*n. List the prime factors of n.
23
Let p(d) = -d**3 - 6*d**2 - 15*d + 13. What are the prime factors of p(-8)?
3, 29
Suppose 44*j = 69*j - 81600. What are the prime factors of j?
2, 3, 17
Let i(z) = -z**3 - 7*z**2 + 2. Let k be i(-7). Suppose -2*r - 3*n = -15, 6*r - k*r - 5*n + 25 = 0. Suppose r*o - 2*o = -80. What are the prime factors of o?
2, 5
Let t(b) = b**3 - 2. Let l be t(0). Let z = 4 + l. List the prime factors of (-4 + 6/z)*-8.
2
Let r(g) = -2*g - 4. Let l be r(-2). Let h(n) = 2*n + 13. Let t be h(l). Suppose 3*x = -15, -x + t = 2*v - 8. What are the prime factors of v?
13
Suppose 2 = 2*z + t, 0 = z - 0*t + 3*t + 4. Suppose -3*d + 85 = l, -z*l - 3*d - 279 = -5*l. What are the prime factors of l?
7, 13
Suppose -7*v + 4 = -5*v. Suppose k = v*k - 91. What are the prime factors of k?
7, 13
Let j(z) = -7*z**3 + z**2 - 5*z - 15. What are the prime factors of j(-4)?
7, 67
Let b(x) = 2*x**3 + 5*x**2 + 2*x. Let g be b(-2). Suppose g = -2*f - 0*f + 112. Let p = 109 - f. List the prime factors of p.
53
Let u(b) = 2*b**2 + 38*b - 70. What are the prime factors of u(-47)?
2, 3, 7, 61
Suppose 0 = 5*k + 20, 20*h - 3*k - 252 = 17*h. What are the prime factors of h?
2, 5
Let w(x) = 12*x**2 - 4*x + 4. What are the prime factors of w(4)?
2, 3, 5
Let w(v) = -2*v + 3. Suppose -53 + 13 = 4*s. What are the prime factors of w(s)?
23
Let k = -943 - -1863. What are the prime factors of k?
2, 5, 23
Let i(m) = -5*m - 31. Let p be i(-5). List the prime factors